{"id":2480,"date":"2023-09-26T22:42:58","date_gmt":"2023-09-26T22:42:58","guid":{"rendered":"https:\/\/jfginternational.com\/dev_staging\/?page_id=2480"},"modified":"2023-10-12T18:19:20","modified_gmt":"2023-10-12T18:19:20","slug":"conductores","status":"publish","type":"page","link":"https:\/\/jfginternational.com\/dev_staging\/conductores\/","title":{"rendered":"Conductores"},"content":{"rendered":"\t\t<div data-elementor-type=\"wp-page\" data-elementor-id=\"2480\" class=\"elementor elementor-2480\" data-elementor-post-type=\"page\">\n\t\t\t\t\t\t\t<div class=\"elementor-element elementor-element-a0610c7 e-con-full e-flex elementor-invisible e-con e-parent\" data-id=\"a0610c7\" data-element_type=\"container\" data-settings=\"{&quot;content_width&quot;:&quot;full&quot;,&quot;background_background&quot;:&quot;classic&quot;,&quot;animation&quot;:&quot;fadeIn&quot;}\" data-core-v316-plus=\"true\">\n\t\t\t\t<div class=\"elementor-element elementor-element-c02babc elementor-widget__width-initial elementor-widget-laptop__width-initial elementor-widget-mobile__width-initial elementor-widget elementor-widget-image\" data-id=\"c02babc\" data-element_type=\"widget\" data-widget_type=\"image.default\">\n\t\t\t\t<div class=\"elementor-widget-container\">\n\t\t\t<style>\/*! elementor - v3.16.0 - 20-09-2023 *\/\n.elementor-widget-image{text-align:center}.elementor-widget-image a{display:inline-block}.elementor-widget-image a img[src$=\".svg\"]{width:48px}.elementor-widget-image img{vertical-align:middle;display:inline-block}<\/style>\t\t\t\t\t\t\t\t\t\t\t\t<img decoding=\"async\" loading=\"lazy\" width=\"800\" height=\"490\" src=\"https:\/\/jfginternational.com\/dev_staging\/wp-content\/uploads\/2023\/09\/Drivers-hero-image.jpg\" class=\"attachment-large size-large wp-image-2627\" alt=\"\" srcset=\"https:\/\/jfginternational.com\/dev_staging\/wp-content\/uploads\/2023\/09\/Drivers-hero-image.jpg 800w, https:\/\/jfginternational.com\/dev_staging\/wp-content\/uploads\/2023\/09\/Drivers-hero-image-300x184.jpg 300w, https:\/\/jfginternational.com\/dev_staging\/wp-content\/uploads\/2023\/09\/Drivers-hero-image-768x470.jpg 768w\" sizes=\"(max-width: 800px) 100vw, 800px\" \/>\t\t\t\t\t\t\t\t\t\t\t\t\t\t\t<\/div>\n\t\t\t\t<\/div>\n\t\t<div class=\"elementor-element elementor-element-47dd5f9 e-con-full e-flex e-con e-child\" data-id=\"47dd5f9\" data-element_type=\"container\" data-settings=\"{&quot;content_width&quot;:&quot;full&quot;}\">\n\t\t\t\t<div class=\"elementor-element elementor-element-0e330f9 elementor-widget__width-initial elementor-widget-mobile__width-inherit elementor-widget-tablet__width-inherit elementor-widget elementor-widget-heading\" data-id=\"0e330f9\" data-element_type=\"widget\" data-widget_type=\"heading.default\">\n\t\t\t\t<div class=\"elementor-widget-container\">\n\t\t\t<style>\/*! elementor - v3.16.0 - 20-09-2023 *\/\n.elementor-heading-title{padding:0;margin:0;line-height:1}.elementor-widget-heading .elementor-heading-title[class*=elementor-size-]>a{color:inherit;font-size:inherit;line-height:inherit}.elementor-widget-heading .elementor-heading-title.elementor-size-small{font-size:15px}.elementor-widget-heading .elementor-heading-title.elementor-size-medium{font-size:19px}.elementor-widget-heading .elementor-heading-title.elementor-size-large{font-size:29px}.elementor-widget-heading .elementor-heading-title.elementor-size-xl{font-size:39px}.elementor-widget-heading .elementor-heading-title.elementor-size-xxl{font-size:59px}<\/style><h2 class=\"elementor-heading-title elementor-size-default\">Vemos a nuestros conductores como la base de nuestro \u00e9xito.<\/h2>\t\t<\/div>\n\t\t\t\t<\/div>\n\t\t\t\t<\/div>\n\t\t\t\t<\/div>\n\t\t<div class=\"elementor-element elementor-element-35a2127 e-con-full elementor-hidden-tablet elementor-hidden-mobile e-flex e-con e-parent\" data-id=\"35a2127\" data-element_type=\"container\" data-settings=\"{&quot;content_width&quot;:&quot;full&quot;}\" data-core-v316-plus=\"true\">\n\t\t<div class=\"elementor-element elementor-element-9e27dd8 e-con-full e-flex elementor-invisible e-con e-child\" data-id=\"9e27dd8\" data-element_type=\"container\" data-settings=\"{&quot;content_width&quot;:&quot;full&quot;,&quot;background_background&quot;:&quot;classic&quot;,&quot;animation&quot;:&quot;slideInRight&quot;}\">\n\t\t<div class=\"elementor-element elementor-element-dd9884e e-con-full e-flex e-con e-child\" data-id=\"dd9884e\" data-element_type=\"container\" data-settings=\"{&quot;content_width&quot;:&quot;full&quot;}\">\n\t\t\t\t<div class=\"elementor-element elementor-element-b1a9fbe elementor-widget-laptop__width-initial elementor-widget-mobile__width-initial elementor-widget elementor-widget-image\" data-id=\"b1a9fbe\" data-element_type=\"widget\" data-widget_type=\"image.default\">\n\t\t\t\t<div class=\"elementor-widget-container\">\n\t\t\t\t\t\t\t\t\t\t\t\t\t\t\t<img decoding=\"async\" loading=\"lazy\" width=\"450\" height=\"320\" src=\"https:\/\/jfginternational.com\/dev_staging\/wp-content\/uploads\/2023\/09\/Drivers-our-drivers.jpg\" class=\"attachment-large size-large wp-image-2631\" alt=\"\" srcset=\"https:\/\/jfginternational.com\/dev_staging\/wp-content\/uploads\/2023\/09\/Drivers-our-drivers.jpg 450w, https:\/\/jfginternational.com\/dev_staging\/wp-content\/uploads\/2023\/09\/Drivers-our-drivers-300x213.jpg 300w\" sizes=\"(max-width: 450px) 100vw, 450px\" \/>\t\t\t\t\t\t\t\t\t\t\t\t\t\t\t<\/div>\n\t\t\t\t<\/div>\n\t\t\t\t<\/div>\n\t\t<div class=\"elementor-element elementor-element-19c7e4e e-con-full e-flex e-con e-child\" data-id=\"19c7e4e\" data-element_type=\"container\" data-settings=\"{&quot;content_width&quot;:&quot;full&quot;}\">\n\t\t\t\t<div class=\"elementor-element elementor-element-f1fb96b elementor-widget elementor-widget-heading\" data-id=\"f1fb96b\" data-element_type=\"widget\" data-widget_type=\"heading.default\">\n\t\t\t\t<div class=\"elementor-widget-container\">\n\t\t\t<h2 class=\"elementor-heading-title elementor-size-default\">Nuestros Conductores<\/h2>\t\t<\/div>\n\t\t\t\t<\/div>\n\t\t\t\t<div class=\"elementor-element elementor-element-c4719a5 elementor-widget__width-initial elementor-widget-tablet__width-initial elementor-widget-mobile__width-initial elementor-widget elementor-widget-text-editor\" data-id=\"c4719a5\" data-element_type=\"widget\" data-widget_type=\"text-editor.default\">\n\t\t\t\t<div class=\"elementor-widget-container\">\n\t\t\t<style>\/*! elementor - v3.16.0 - 20-09-2023 *\/\n.elementor-widget-text-editor.elementor-drop-cap-view-stacked .elementor-drop-cap{background-color:#69727d;color:#fff}.elementor-widget-text-editor.elementor-drop-cap-view-framed .elementor-drop-cap{color:#69727d;border:3px solid;background-color:transparent}.elementor-widget-text-editor:not(.elementor-drop-cap-view-default) .elementor-drop-cap{margin-top:8px}.elementor-widget-text-editor:not(.elementor-drop-cap-view-default) .elementor-drop-cap-letter{width:1em;height:1em}.elementor-widget-text-editor .elementor-drop-cap{float:left;text-align:center;line-height:1;font-size:50px}.elementor-widget-text-editor .elementor-drop-cap-letter{display:inline-block}<\/style>\t\t\t\t<p>Damos un valor inmenso a nuestros conductores y priorizamos su bienestar y \u00e9xito. Entendemos que ellos son la columna vertebral de nuestras operaciones y su satisfacci\u00f3n y seguridad son primordiales. Para garantizar su comodidad y eficiencia, proporcionamos recursos y sistemas de soporte de \u00faltima generaci\u00f3n. Nuestra flota est\u00e1 compuesta por veh\u00edculos mantenidos peri\u00f3dicamente y con caracter\u00edsticas modernas, que garantizan una experiencia de conducci\u00f3n \u00f3ptima y confiable. Priorizamos la salud y seguridad del conductor a trav\u00e9s de educaci\u00f3n sobre las regulaciones de la industria. Adem\u00e1s, ofrecemos paquetes de compensaci\u00f3n competitivos, beneficios e incentivos para reconocer su arduo trabajo y dedicaci\u00f3n. Nuestro compromiso radica en fomentar un entorno colaborativo y de apoyo donde nuestros conductores puedan prosperar y construir carreras gratificantes.<\/p>\t\t\t\t\t\t<\/div>\n\t\t\t\t<\/div>\n\t\t\t\t<\/div>\n\t\t\t\t<\/div>\n\t\t\t\t<\/div>\n\t\t<div class=\"elementor-element elementor-element-cfb5a25 e-con-full elementor-hidden-widescreen elementor-hidden-desktop elementor-hidden-laptop e-flex e-con e-parent\" data-id=\"cfb5a25\" data-element_type=\"container\" data-settings=\"{&quot;content_width&quot;:&quot;full&quot;,&quot;background_background&quot;:&quot;classic&quot;}\" data-core-v316-plus=\"true\">\n\t\t<div class=\"elementor-element elementor-element-426b9aa e-con-full e-flex e-con e-child\" data-id=\"426b9aa\" data-element_type=\"container\" data-settings=\"{&quot;content_width&quot;:&quot;full&quot;,&quot;background_background&quot;:&quot;classic&quot;}\">\n\t\t\t\t<div class=\"elementor-element elementor-element-3e41bb6 elementor-widget elementor-widget-heading\" data-id=\"3e41bb6\" data-element_type=\"widget\" data-widget_type=\"heading.default\">\n\t\t\t\t<div class=\"elementor-widget-container\">\n\t\t\t<h2 class=\"elementor-heading-title elementor-size-default\">Nuestros Conductores<\/h2>\t\t<\/div>\n\t\t\t\t<\/div>\n\t\t\t\t<div class=\"elementor-element elementor-element-b880178 elementor-widget-laptop__width-initial elementor-widget-mobile__width-initial elementor-widget elementor-widget-image\" data-id=\"b880178\" data-element_type=\"widget\" data-widget_type=\"image.default\">\n\t\t\t\t<div class=\"elementor-widget-container\">\n\t\t\t\t\t\t\t\t\t\t\t\t\t\t\t<img decoding=\"async\" loading=\"lazy\" width=\"450\" height=\"320\" src=\"https:\/\/jfginternational.com\/dev_staging\/wp-content\/uploads\/2023\/09\/Drivers-our-drivers.jpg\" class=\"attachment-large size-large wp-image-2631\" alt=\"\" srcset=\"https:\/\/jfginternational.com\/dev_staging\/wp-content\/uploads\/2023\/09\/Drivers-our-drivers.jpg 450w, https:\/\/jfginternational.com\/dev_staging\/wp-content\/uploads\/2023\/09\/Drivers-our-drivers-300x213.jpg 300w\" sizes=\"(max-width: 450px) 100vw, 450px\" \/>\t\t\t\t\t\t\t\t\t\t\t\t\t\t\t<\/div>\n\t\t\t\t<\/div>\n\t\t\t\t<div class=\"elementor-element elementor-element-a4e8884 elementor-widget__width-initial elementor-widget-tablet__width-initial elementor-widget-mobile__width-initial elementor-widget elementor-widget-text-editor\" data-id=\"a4e8884\" data-element_type=\"widget\" data-widget_type=\"text-editor.default\">\n\t\t\t\t<div class=\"elementor-widget-container\">\n\t\t\t\t\t\t\t<p>Damos un valor inmenso a nuestros conductores y priorizamos su bienestar y \u00e9xito. Entendemos que ellos son la columna vertebral de nuestras operaciones y su satisfacci\u00f3n y seguridad son primordiales. Para garantizar su comodidad y eficiencia, proporcionamos recursos y sistemas de soporte de \u00faltima generaci\u00f3n. Nuestra flota est\u00e1 compuesta por veh\u00edculos de \u00faltima generaci\u00f3n, mantenidos peri\u00f3dicamente y con caracter\u00edsticas modernas, que garantizan una experiencia de conducci\u00f3n \u00f3ptima y confiable. Priorizamos la salud y seguridad del conductor a trav\u00e9s de educaci\u00f3n continua sobre las regulaciones de la industria. Adem\u00e1s, ofrecemos paquetes de compensaci\u00f3n competitivos, beneficios e incentivos para reconocer su arduo trabajo y dedicaci\u00f3n. Nuestro compromiso radica en fomentar un entorno colaborativo y de apoyo donde nuestros conductores puedan prosperar y construir carreras gratificantes.<\/p>\t\t\t\t\t\t<\/div>\n\t\t\t\t<\/div>\n\t\t\t\t<\/div>\n\t\t\t\t<\/div>\n\t\t<div class=\"elementor-element elementor-element-2227542 e-con-full e-flex e-con e-parent\" data-id=\"2227542\" data-element_type=\"container\" id=\"recursos-para-conductores\" data-settings=\"{&quot;content_width&quot;:&quot;full&quot;,&quot;background_background&quot;:&quot;classic&quot;}\" data-core-v316-plus=\"true\">\n\t\t\t\t<div class=\"elementor-element elementor-element-1c317e4 elementor-widget elementor-widget-heading\" data-id=\"1c317e4\" data-element_type=\"widget\" data-widget_type=\"heading.default\">\n\t\t\t\t<div class=\"elementor-widget-container\">\n\t\t\t<h2 class=\"elementor-heading-title elementor-size-default\">Recursos Para Conductores<\/h2>\t\t<\/div>\n\t\t\t\t<\/div>\n\t\t<div class=\"elementor-element elementor-element-601b1ab e-con-full e-flex e-con e-child\" data-id=\"601b1ab\" data-element_type=\"container\" data-settings=\"{&quot;content_width&quot;:&quot;full&quot;}\">\n\t\t<div class=\"elementor-element elementor-element-ca6d116 e-con-full e-flex elementor-invisible e-con e-child\" data-id=\"ca6d116\" data-element_type=\"container\" data-settings=\"{&quot;content_width&quot;:&quot;full&quot;,&quot;background_background&quot;:&quot;classic&quot;,&quot;animation&quot;:&quot;fadeInUp&quot;,&quot;animation_delay&quot;:0}\">\n\t\t\t\t<div class=\"elementor-element elementor-element-d7fdaef elementor-widget-mobile__width-initial elementor-widget elementor-widget-heading\" data-id=\"d7fdaef\" data-element_type=\"widget\" data-widget_type=\"heading.default\">\n\t\t\t\t<div class=\"elementor-widget-container\">\n\t\t\t<h2 class=\"elementor-heading-title elementor-size-medium\">Camiones de \u00daltima Generaci\u00f3n<\/h2>\t\t<\/div>\n\t\t\t\t<\/div>\n\t\t\t\t<div class=\"elementor-element elementor-element-8dcc4d9 elementor-widget elementor-widget-image\" data-id=\"8dcc4d9\" data-element_type=\"widget\" data-widget_type=\"image.default\">\n\t\t\t\t<div class=\"elementor-widget-container\">\n\t\t\t\t\t\t\t\t\t\t\t\t\t\t\t<img decoding=\"async\" loading=\"lazy\" width=\"240\" height=\"83\" src=\"https:\/\/jfginternational.com\/dev_staging\/wp-content\/uploads\/2023\/09\/CuttingEdgeTrucks.png\" class=\"attachment-large size-large wp-image-2641\" alt=\"\" \/>\t\t\t\t\t\t\t\t\t\t\t\t\t\t\t<\/div>\n\t\t\t\t<\/div>\n\t\t\t\t<div class=\"elementor-element elementor-element-3163072 elementor-widget__width-initial elementor-widget-mobile__width-initial elementor-widget elementor-widget-text-editor\" data-id=\"3163072\" data-element_type=\"widget\" data-widget_type=\"text-editor.default\">\n\t\t\t\t<div class=\"elementor-widget-container\">\n\t\t\t\t\t\t\t<p>Nuestros conductores tienen acceso a una flota de veh\u00edculos de \u00faltima generaci\u00f3n. Estos veh\u00edculos reciben mantenimiento peri\u00f3dico para garantizar la confiabilidad y est\u00e1n equipados con caracter\u00edsticas modernas que mejoran la seguridad, la comodidad y la experiencia de conducci\u00f3n en general.<\/p>\t\t\t\t\t\t<\/div>\n\t\t\t\t<\/div>\n\t\t\t\t<\/div>\n\t\t<div class=\"elementor-element elementor-element-5c1657c e-con-full e-flex elementor-invisible e-con e-child\" data-id=\"5c1657c\" data-element_type=\"container\" data-settings=\"{&quot;content_width&quot;:&quot;full&quot;,&quot;background_background&quot;:&quot;classic&quot;,&quot;animation&quot;:&quot;fadeInUp&quot;,&quot;animation_delay&quot;:500}\">\n\t\t\t\t<div class=\"elementor-element elementor-element-0f5f72c elementor-widget-mobile__width-initial elementor-widget elementor-widget-heading\" data-id=\"0f5f72c\" data-element_type=\"widget\" data-widget_type=\"heading.default\">\n\t\t\t\t<div class=\"elementor-widget-container\">\n\t\t\t<h2 class=\"elementor-heading-title elementor-size-medium\">Educaci\u00f3n y Entrenamiento<\/h2>\t\t<\/div>\n\t\t\t\t<\/div>\n\t\t\t\t<div class=\"elementor-element elementor-element-b5149dc elementor-widget elementor-widget-image\" data-id=\"b5149dc\" data-element_type=\"widget\" data-widget_type=\"image.default\">\n\t\t\t\t<div class=\"elementor-widget-container\">\n\t\t\t\t\t\t\t\t\t\t\t\t\t\t\t<img decoding=\"async\" loading=\"lazy\" width=\"171\" height=\"100\" src=\"https:\/\/jfginternational.com\/dev_staging\/wp-content\/uploads\/2023\/09\/EducationTraining.png\" class=\"attachment-large size-large wp-image-2640\" alt=\"\" \/>\t\t\t\t\t\t\t\t\t\t\t\t\t\t\t<\/div>\n\t\t\t\t<\/div>\n\t\t\t\t<div class=\"elementor-element elementor-element-9cb9644 elementor-widget__width-initial elementor-widget-mobile__width-initial elementor-widget elementor-widget-text-editor\" data-id=\"9cb9644\" data-element_type=\"widget\" data-widget_type=\"text-editor.default\">\n\t\t\t\t<div class=\"elementor-widget-container\">\n\t\t\t\t\t\t\t<p>Priorizamos el desarrollo continuo de nuestros conductores brind\u00e1ndoles programas integrales de educaci\u00f3n y capacitaci\u00f3n. Nuestros conductores reciben actualizaciones peri\u00f3dicas sobre las regulaciones de la industria, t\u00e9cnicas de conducci\u00f3n defensiva y otros temas relevantes, lo que les proporciona el conocimiento y las habilidades necesarias para sobresalir en sus funciones.<\/p>\t\t\t\t\t\t<\/div>\n\t\t\t\t<\/div>\n\t\t\t\t<\/div>\n\t\t<div class=\"elementor-element elementor-element-54501af e-con-full e-flex elementor-invisible e-con e-child\" data-id=\"54501af\" data-element_type=\"container\" data-settings=\"{&quot;content_width&quot;:&quot;full&quot;,&quot;background_background&quot;:&quot;classic&quot;,&quot;animation&quot;:&quot;fadeInUp&quot;,&quot;animation_delay&quot;:1000}\">\n\t\t\t\t<div class=\"elementor-element elementor-element-1f054da elementor-widget-mobile__width-initial elementor-widget elementor-widget-heading\" data-id=\"1f054da\" data-element_type=\"widget\" data-widget_type=\"heading.default\">\n\t\t\t\t<div class=\"elementor-widget-container\">\n\t\t\t<h2 class=\"elementor-heading-title elementor-size-medium\">Compensaci\u00f3n Competitiva<\/h2>\t\t<\/div>\n\t\t\t\t<\/div>\n\t\t\t\t<div class=\"elementor-element elementor-element-bff985e elementor-widget elementor-widget-image\" data-id=\"bff985e\" data-element_type=\"widget\" data-widget_type=\"image.default\">\n\t\t\t\t<div class=\"elementor-widget-container\">\n\t\t\t\t\t\t\t\t\t\t\t\t\t\t\t<img decoding=\"async\" loading=\"lazy\" width=\"79\" height=\"100\" src=\"https:\/\/jfginternational.com\/dev_staging\/wp-content\/uploads\/2023\/09\/CompetitiveCompensation.png\" class=\"attachment-large size-large wp-image-2639\" alt=\"\" \/>\t\t\t\t\t\t\t\t\t\t\t\t\t\t\t<\/div>\n\t\t\t\t<\/div>\n\t\t\t\t<div class=\"elementor-element elementor-element-27bb4d0 elementor-widget__width-initial elementor-widget-mobile__width-initial elementor-widget elementor-widget-text-editor\" data-id=\"27bb4d0\" data-element_type=\"widget\" data-widget_type=\"text-editor.default\">\n\t\t\t\t<div class=\"elementor-widget-container\">\n\t\t\t\t\t\t\t<p>Creemos en reconocer y recompensar a nuestros conductores por su arduo trabajo y dedicaci\u00f3n. Por lo tanto, ofrecemos paquetes de compensaci\u00f3n competitivos que brindan estabilidad y seguridad financiera. Ofrecemos una variedad de beneficios e incentivos para apoyar su bienestar general, asegurando que se sientan valorados y motivados en sus carreras con nosotros.<\/p>\t\t\t\t\t\t<\/div>\n\t\t\t\t<\/div>\n\t\t\t\t<\/div>\n\t\t\t\t<\/div>\n\t\t\t\t<\/div>\n\t\t<div class=\"elementor-element elementor-element-bef4586 e-flex e-con-boxed e-con e-parent\" data-id=\"bef4586\" data-element_type=\"container\" data-settings=\"{&quot;content_width&quot;:&quot;boxed&quot;}\" data-core-v316-plus=\"true\">\n\t\t\t\t\t<div class=\"e-con-inner\">\n\t\t\t\t<div class=\"elementor-element elementor-element-225bde0 elementor-widget elementor-widget-template\" data-id=\"225bde0\" data-element_type=\"widget\" data-widget_type=\"template.default\">\n\t\t\t\t<div class=\"elementor-widget-container\">\n\t\t\t\t\t<div class=\"elementor-template\">\n\t\t\t\t\t<div data-elementor-type=\"container\" data-elementor-id=\"3448\" class=\"elementor elementor-3448\" data-elementor-post-type=\"elementor_library\">\n\t\t\t\t\t\t\t<div class=\"elementor-element elementor-element-d870198 e-flex e-con-boxed e-con e-parent\" data-id=\"d870198\" data-element_type=\"container\" data-settings=\"{&quot;content_width&quot;:&quot;boxed&quot;}\" data-core-v316-plus=\"true\">\n\t\t\t\t\t<div class=\"e-con-inner\">\n\t\t\t\t<div class=\"elementor-element elementor-element-b0f5c8a elementor-widget elementor-widget-text-editor\" data-id=\"b0f5c8a\" data-element_type=\"widget\" data-widget_type=\"text-editor.default\">\n\t\t\t\t<div class=\"elementor-widget-container\">\n\t\t\t\t\t\t\t<p>Listo para enviar con nosotros?<\/p>\t\t\t\t\t\t<\/div>\n\t\t\t\t<\/div>\n\t\t\t\t<div class=\"elementor-element elementor-element-fc16c12 elementor-align-center elementor-widget elementor-widget-button\" data-id=\"fc16c12\" data-element_type=\"widget\" data-widget_type=\"button.default\">\n\t\t\t\t<div class=\"elementor-widget-container\">\n\t\t\t\t\t<div class=\"elementor-button-wrapper\">\n\t\t\t<a class=\"elementor-button elementor-button-link elementor-size-sm\" href=\"https:\/\/jfginternational.com\/contacto\/#cotizacion\">\n\t\t\t\t\t\t<span class=\"elementor-button-content-wrapper\">\n\t\t\t\t\t\t<span class=\"elementor-button-text\">Consigue Una Cotizaci\u00f3n<\/span>\n\t\t<\/span>\n\t\t\t\t\t<\/a>\n\t\t<\/div>\n\t\t\t\t<\/div>\n\t\t\t\t<\/div>\n\t\t\t\t\t<\/div>\n\t\t\t\t<\/div>\n\t\t\t\t\t\t\t<\/div>\n\t\t\t\t<\/div>\n\t\t\t\t<\/div>\n\t\t\t\t<\/div>\n\t\t\t\t\t<\/div>\n\t\t\t\t<\/div>\n\t\t<div class=\"elementor-element elementor-element-897bf60 e-con-full e-flex e-con e-parent\" data-id=\"897bf60\" data-element_type=\"container\" data-settings=\"{&quot;background_background&quot;:&quot;classic&quot;,&quot;content_width&quot;:&quot;full&quot;}\" data-core-v316-plus=\"true\">\n\t\t\t\t<div class=\"elementor-element elementor-element-3277 elementor-widget__width-inherit elementor-widget elementor-widget-global elementor-global-3277 elementor-widget-image-carousel\" data-id=\"3277\" data-element_type=\"widget\" data-settings=\"{&quot;slides_to_show&quot;:&quot;7&quot;,&quot;slides_to_show_tablet&quot;:&quot;4&quot;,&quot;slides_to_show_mobile&quot;:&quot;2&quot;,&quot;navigation&quot;:&quot;none&quot;,&quot;lazyload&quot;:&quot;yes&quot;,&quot;pause_on_hover&quot;:&quot;no&quot;,&quot;pause_on_interaction&quot;:&quot;no&quot;,&quot;autoplay_speed&quot;:0,&quot;speed&quot;:2000,&quot;image_spacing_custom&quot;:{&quot;unit&quot;:&quot;px&quot;,&quot;size&quot;:100,&quot;sizes&quot;:[]},&quot;slides_to_show_laptop&quot;:&quot;5&quot;,&quot;slides_to_scroll&quot;:&quot;1&quot;,&quot;autoplay&quot;:&quot;yes&quot;,&quot;infinite&quot;:&quot;yes&quot;,&quot;image_spacing_custom_widescreen&quot;:{&quot;unit&quot;:&quot;px&quot;,&quot;size&quot;:&quot;&quot;,&quot;sizes&quot;:[]},&quot;image_spacing_custom_laptop&quot;:{&quot;unit&quot;:&quot;px&quot;,&quot;size&quot;:&quot;&quot;,&quot;sizes&quot;:[]},&quot;image_spacing_custom_tablet&quot;:{&quot;unit&quot;:&quot;px&quot;,&quot;size&quot;:&quot;&quot;,&quot;sizes&quot;:[]},&quot;image_spacing_custom_mobile&quot;:{&quot;unit&quot;:&quot;px&quot;,&quot;size&quot;:&quot;&quot;,&quot;sizes&quot;:[]}}\" data-widget_type=\"image-carousel.default\">\n\t\t\t\t<div class=\"elementor-widget-container\">\n\t\t\t<style>\/*! elementor - v3.16.0 - 20-09-2023 *\/\n.elementor-widget-image-carousel .swiper,.elementor-widget-image-carousel .swiper-container{position:static}.elementor-widget-image-carousel .swiper-container .swiper-slide figure,.elementor-widget-image-carousel .swiper .swiper-slide figure{line-height:inherit}.elementor-widget-image-carousel .swiper-slide{text-align:center}.elementor-image-carousel-wrapper:not(.swiper-container-initialized):not(.swiper-initialized) .swiper-slide{max-width:calc(100% \/ var(--e-image-carousel-slides-to-show, 3))}<\/style>\t\t<div class=\"elementor-image-carousel-wrapper swiper-container\" dir=\"rtl\">\n\t\t\t<div class=\"elementor-image-carousel swiper-wrapper\" aria-live=\"off\">\n\t\t\t\t\t\t\t\t<div class=\"swiper-slide\" role=\"group\" aria-roledescription=\"slide\" aria-label=\"1 of 7\"><figure class=\"swiper-slide-inner\"><img class=\"swiper-slide-image swiper-lazy\" data-src=\"https:\/\/jfginternational.com\/dev_staging\/wp-content\/uploads\/2023\/09\/SmartWay.png\" alt=\"SmartWay\" \/><div class=\"swiper-lazy-preloader\"><\/div><\/figure><\/div><div class=\"swiper-slide\" role=\"group\" aria-roledescription=\"slide\" aria-label=\"2 of 7\"><figure class=\"swiper-slide-inner\"><img class=\"swiper-slide-image swiper-lazy\" data-src=\"https:\/\/jfginternational.com\/dev_staging\/wp-content\/uploads\/2023\/09\/Samsara.png\" alt=\"Samsara\" \/><div class=\"swiper-lazy-preloader\"><\/div><\/figure><\/div><div class=\"swiper-slide\" role=\"group\" aria-roledescription=\"slide\" aria-label=\"3 of 7\"><figure class=\"swiper-slide-inner\"><img class=\"swiper-slide-image swiper-lazy\" data-src=\"https:\/\/jfginternational.com\/dev_staging\/wp-content\/uploads\/2023\/09\/PrePass.png\" alt=\"PrePass\" \/><div class=\"swiper-lazy-preloader\"><\/div><\/figure><\/div><div class=\"swiper-slide\" role=\"group\" aria-roledescription=\"slide\" aria-label=\"4 of 7\"><figure class=\"swiper-slide-inner\"><img class=\"swiper-slide-image swiper-lazy\" data-src=\"https:\/\/jfginternational.com\/dev_staging\/wp-content\/uploads\/2023\/09\/Fast-300x106.png\" alt=\"Fast\" \/><div class=\"swiper-lazy-preloader\"><\/div><\/figure><\/div><div class=\"swiper-slide\" role=\"group\" aria-roledescription=\"slide\" aria-label=\"5 of 7\"><figure class=\"swiper-slide-inner\"><img class=\"swiper-slide-image swiper-lazy\" data-src=\"https:\/\/jfginternational.com\/dev_staging\/wp-content\/uploads\/2023\/09\/CTPAT-300x120.png\" alt=\"CTPAT\" \/><div class=\"swiper-lazy-preloader\"><\/div><\/figure><\/div><div class=\"swiper-slide\" role=\"group\" aria-roledescription=\"slide\" aria-label=\"6 of 7\"><figure class=\"swiper-slide-inner\"><img class=\"swiper-slide-image swiper-lazy\" data-src=\"https:\/\/jfginternational.com\/dev_staging\/wp-content\/uploads\/2023\/09\/Bonded-Carrier.png\" alt=\"Bonded Carrier\" \/><div class=\"swiper-lazy-preloader\"><\/div><\/figure><\/div><div class=\"swiper-slide\" role=\"group\" aria-roledescription=\"slide\" aria-label=\"7 of 7\"><figure class=\"swiper-slide-inner\"><img class=\"swiper-slide-image swiper-lazy\" data-src=\"https:\/\/jfginternational.com\/dev_staging\/wp-content\/uploads\/2023\/09\/HazmatNew-300x300.png\" alt=\"HazmatNew\" \/><div class=\"swiper-lazy-preloader\"><\/div><\/figure><\/div>\t\t\t<\/div>\n\t\t\t\t\t\t\t\n\t\t\t\t\t\t\t\t\t<\/div>\n\t\t\t\t<\/div>\n\t\t\t\t<\/div>\n\t\t\t\t<\/div>\n\t\t\t\t\t\t\t<\/div>\n\t\t","protected":false},"excerpt":{"rendered":"<p>Vemos a nuestros conductores como la base de nuestro \u00e9xito. Nuestros Conductores Damos un valor inmenso a nuestros conductores y priorizamos su bienestar y \u00e9xito. Entendemos que ellos son la columna vertebral de nuestras operaciones y su satisfacci\u00f3n y seguridad son primordiales. Para garantizar su comodidad y eficiencia, proporcionamos recursos y sistemas de soporte de [&hellip;]<\/p>\n","protected":false},"author":5,"featured_media":0,"parent":0,"menu_order":0,"comment_status":"closed","ping_status":"closed","template":"","meta":{"footnotes":""},"_links":{"self":[{"href":"https:\/\/jfginternational.com\/dev_staging\/wp-json\/wp\/v2\/pages\/2480"}],"collection":[{"href":"https:\/\/jfginternational.com\/dev_staging\/wp-json\/wp\/v2\/pages"}],"about":[{"href":"https:\/\/jfginternational.com\/dev_staging\/wp-json\/wp\/v2\/types\/page"}],"author":[{"embeddable":true,"href":"https:\/\/jfginternational.com\/dev_staging\/wp-json\/wp\/v2\/users\/5"}],"replies":[{"embeddable":true,"href":"https:\/\/jfginternational.com\/dev_staging\/wp-json\/wp\/v2\/comments?post=2480"}],"version-history":[{"count":94,"href":"https:\/\/jfginternational.com\/dev_staging\/wp-json\/wp\/v2\/pages\/2480\/revisions"}],"predecessor-version":[{"id":5380,"href":"https:\/\/jfginternational.com\/dev_staging\/wp-json\/wp\/v2\/pages\/2480\/revisions\/5380"}],"wp:attachment":[{"href":"https:\/\/jfginternational.com\/dev_staging\/wp-json\/wp\/v2\/media?parent=2480"}],"curies":[{"name":"wp","href":"https:\/\/api.w.org\/{rel}","templated":true}]}}